{"id":3155,"date":"2024-05-21T11:21:54","date_gmt":"2024-05-21T11:21:54","guid":{"rendered":"https:\/\/arauphar.com\/site\/?post_type=product&#038;p=3155"},"modified":"2024-09-26T16:12:17","modified_gmt":"2024-09-26T16:12:17","slug":"thiocros-tablet","status":"publish","type":"product","link":"https:\/\/arauphar.com\/site\/product\/thiocros-tablet\/","title":{"rendered":"Thiocros tablet"},"content":{"rendered":"<body><p>Douleurs &amp; spasmes musculaires<br>\nmenent \u00e0 l\u2019immobilit\u00e9 et \u00e0 l\u2019inconfort<\/p>\n<p>Pour un soulagement rapide de la douleur et des spasmes<\/p>\n<h4>Indication<\/h4>\n<p>Soulage les douleurs dues aux spasmes musculaires li\u00e9s \u00e0 :<\/p>\n<ul>\n<li>Spondylarthrite<\/li>\n<li>La douleur du cou<\/li>\n<li>Entorse musculaire<\/li>\n<li>Fibromyalgie<\/li>\n<li>R\u00e9duire et soulager la douleur due aux spasmes musculaires (contractions musculaires douloureuses) associ\u00e9s aux troubles vert\u00e9braux d\u00e9g\u00e9n\u00e9ratifs,<\/li>\n<li>Probl\u00e8mes de statique vert\u00e9brale,<\/li>\n<li>Douleur dorsale<\/li>\n<\/ul>\n<\/body>","protected":false},"excerpt":{"rendered":"<h4>Composition<\/h4>\n<p>Chaque comprim\u00e9 contient :<br \/>\nAc\u00e9clof\u00e9nac 100mg &amp; thiocolchicoside 4mg<\/p>\n","protected":false},"featured_media":3157,"template":"","meta":{"_monsterinsights_skip_tracking":false,"_monsterinsights_sitenote_active":false,"_monsterinsights_sitenote_note":"","_monsterinsights_sitenote_category":0},"product_brand":[],"product_cat":[108,104],"product_tag":[],"class_list":{"0":"post-3155","1":"product","2":"type-product","3":"status-publish","4":"has-post-thumbnail","6":"product_cat-anti-inflammatory-analgesic","7":"product_cat-pharmaceuticals","9":"first","10":"instock","11":"shipping-taxable","12":"product-type-external"},"aioseo_notices":[],"jetpack_sharing_enabled":true,"_links":{"self":[{"href":"https:\/\/arauphar.com\/site\/wp-json\/wp\/v2\/product\/3155","targetHints":{"allow":["GET"]}}],"collection":[{"href":"https:\/\/arauphar.com\/site\/wp-json\/wp\/v2\/product"}],"about":[{"href":"https:\/\/arauphar.com\/site\/wp-json\/wp\/v2\/types\/product"}],"version-history":[{"count":5,"href":"https:\/\/arauphar.com\/site\/wp-json\/wp\/v2\/product\/3155\/revisions"}],"predecessor-version":[{"id":4948,"href":"https:\/\/arauphar.com\/site\/wp-json\/wp\/v2\/product\/3155\/revisions\/4948"}],"wp:featuredmedia":[{"embeddable":true,"href":"https:\/\/arauphar.com\/site\/wp-json\/wp\/v2\/media\/3157"}],"wp:attachment":[{"href":"https:\/\/arauphar.com\/site\/wp-json\/wp\/v2\/media?parent=3155"}],"wp:term":[{"taxonomy":"product_brand","embeddable":true,"href":"https:\/\/arauphar.com\/site\/wp-json\/wp\/v2\/product_brand?post=3155"},{"taxonomy":"product_cat","embeddable":true,"href":"https:\/\/arauphar.com\/site\/wp-json\/wp\/v2\/product_cat?post=3155"},{"taxonomy":"product_tag","embeddable":true,"href":"https:\/\/arauphar.com\/site\/wp-json\/wp\/v2\/product_tag?post=3155"}],"curies":[{"name":"wp","href":"https:\/\/api.w.org\/{rel}","templated":true}]}}